{"id":2396,"date":"2024-09-03T11:02:29","date_gmt":"2024-09-03T16:02:29","guid":{"rendered":"https:\/\/tutiendameraki.com\/?post_type=product&#038;p=2396"},"modified":"2025-11-29T23:30:27","modified_gmt":"2025-11-30T04:30:27","slug":"chanclas-bandas","status":"publish","type":"product","link":"https:\/\/tutiendameraki.com\/index.php\/producto\/chanclas-bandas\/","title":{"rendered":"Chanclas Bandas"},"content":{"rendered":"<h5 style=\"text-align: left;\"><span class=\"fe5nidar khvhiq1o r5qsrrlp i5tg98hk f9ovudaz przvwfww gx1rr48f gfz4du6o r7fjleex nz2484kf svot0ezm dcnh1tix sxl192xd t3g6t33p\"><span class=\"mpj7bzys xzlurrtv\">\ud83c\udf1e<\/span><\/span><span class=\"fe5nidar khvhiq1o r5qsrrlp i5tg98hk f9ovudaz przvwfww gx1rr48f gfz4du6o r7fjleex nz2484kf svot0ezm dcnh1tix sxl192xd t3g6t33p\"><span class=\"mpj7bzys xzlurrtv\">\ud83c\udfdd\ufe0f\u00a0 Llenas de comodidad, frescura y estilo.\u00a0<\/span><\/span><\/h5>\n<p style=\"text-align: left;\">\n<p style=\"text-align: center;\"><a href=\"https:\/\/giphy.com\/gifs\/i5cqbBGF6U8hReqQ5Q\"><img fetchpriority=\"high\" decoding=\"async\" src=\"https:\/\/media4.giphy.com\/media\/i5cqbBGF6U8hReqQ5Q\/giphy.gif\" alt=\"Animated GIF - Find &amp; Share on GIPHY\" width=\"480\" height=\"360\" \/><\/a><\/p>\n<h5 style=\"text-align: left;\"><\/h5>\n<h5 style=\"text-align: left;\"><span class=\"fe5nidar khvhiq1o r5qsrrlp i5tg98hk f9ovudaz przvwfww gx1rr48f gfz4du6o r7fjleex nz2484kf svot0ezm dcnh1tix sxl192xd t3g6t33p\"><span class=\"mpj7bzys xzlurrtv\">\ud83c\udf43<\/span><\/span><span class=\"fe5nidar khvhiq1o r5qsrrlp i5tg98hk f9ovudaz przvwfww gx1rr48f gfz4du6o r7fjleex nz2484kf svot0ezm dcnh1tix sxl192xd t3g6t33p\"><span class=\"mpj7bzys xzlurrtv\">\ud83d\udc9c\u00a0<\/span><\/span>Creadas pensando en tu tranquilidad, bienestar y descanso.<\/h5>\n<p style=\"text-align: left;\">\n<p style=\"text-align: center;\"><a href=\"https:\/\/giphy.com\/gifs\/dJTUd4cPBC5S8CjOuz\"><img decoding=\"async\" src=\"https:\/\/media2.giphy.com\/media\/dJTUd4cPBC5S8CjOuz\/giphy.gif\" alt=\"Animated GIF - Find &amp; Share on GIPHY\" width=\"480\" height=\"360\" \/><\/a><\/p>\n<h5 style=\"text-align: left;\"><\/h5>\n<h5 style=\"text-align: left;\"><span class=\"fe5nidar khvhiq1o r5qsrrlp i5tg98hk f9ovudaz przvwfww gx1rr48f gfz4du6o r7fjleex nz2484kf svot0ezm dcnh1tix sxl192xd t3g6t33p\"><span class=\"mpj7bzys xzlurrtv\">\ud83c\udf08 \ud83e\udd29\u00a0<\/span><\/span>Colores vibrantes, llenos de estilo y personalidad, para que te sientas c\u00f3moda usando tus colores favoritos.<\/h5>\n<p style=\"text-align: left;\">\n<p style=\"text-align: center;\"><a href=\"https:\/\/giphy.com\/gifs\/MLY1ZGboxPgJCFyVrG\"><img decoding=\"async\" src=\"https:\/\/media0.giphy.com\/media\/MLY1ZGboxPgJCFyVrG\/giphy.gif\" alt=\"Animated GIF - Find &amp; Share on GIPHY\" width=\"480\" height=\"360\" \/><\/a><\/p>\n<h5 style=\"text-align: left;\"><\/h5>\n<h5 style=\"text-align: left;\">\u2601\ufe0f Elaboradas con el material m\u00e1s flexible, duradero y suave para tus pies.\u00a0<strong>Livianas, especiales para tus talones y tobillos.<\/strong><\/h5>\n<p style=\"text-align: left;\">\n<p style=\"text-align: center;\"><a href=\"https:\/\/giphy.com\/gifs\/mGqXWWRTDFNavEX2js\"><img loading=\"lazy\" decoding=\"async\" src=\"https:\/\/media3.giphy.com\/media\/mGqXWWRTDFNavEX2js\/giphy.gif\" alt=\"Animated GIF - Find &amp; Share on GIPHY\" width=\"480\" height=\"360\" \/><\/a><\/p>\n<h5 style=\"text-align: left;\"><\/h5>\n<h5 style=\"text-align: left;\"><span class=\"fe5nidar khvhiq1o r5qsrrlp i5tg98hk f9ovudaz przvwfww gx1rr48f gfz4du6o r7fjleex nz2484kf svot0ezm dcnh1tix sxl192xd t3g6t33p\"><span class=\"mpj7bzys xzlurrtv\">\u2728<\/span><\/span><span class=\"fe5nidar khvhiq1o r5qsrrlp i5tg98hk f9ovudaz przvwfww gx1rr48f gfz4du6o r7fjleex nz2484kf svot0ezm dcnh1tix sxl192xd t3g6t33p\"><span class=\"mpj7bzys xzlurrtv\">\ud83d\udd25\u00a0<\/span><\/span>Siente la verdadera diferencia en tu calzado y prueba estas hermosas sandalias, pensando en tu elegancia, estilo, autenticidad, y sobre todo, en tu comodidad<em><strong>.<\/strong><\/em><\/h5>\n<p style=\"text-align: left;\">\n<p style=\"text-align: center;\"><a href=\"https:\/\/giphy.com\/gifs\/pjEagJZ4eThxumVXt1\"><img loading=\"lazy\" decoding=\"async\" src=\"https:\/\/media3.giphy.com\/media\/pjEagJZ4eThxumVXt1\/giphy.gif\" alt=\"Animated GIF - Find &amp; Share on GIPHY\" width=\"480\" height=\"360\" \/><\/a><\/p>\n<h3 style=\"text-align: center;\"><span style=\"color: #3f2681;\">ESCOGE LAS TUYAS!<\/span><\/h3>\n","protected":false},"excerpt":{"rendered":"<p>\ud83e\udd70 3 hermosos colores.<\/p>\n<p>\ud83d\ude36\u200d\ud83c\udf2b\ufe0f S\u00faper c\u00f3modas y ergon\u00f3micas.<\/p>\n<p>\ud83d\ude0e Gran estilo y excelente calidad.<\/p>\n","protected":false},"featured_media":2421,"template":"","meta":{"site-sidebar-layout":"default","site-content-layout":"","ast-site-content-layout":"default","site-content-style":"default","site-sidebar-style":"default","ast-global-header-display":"","ast-banner-title-visibility":"","ast-main-header-display":"","ast-hfb-above-header-display":"","ast-hfb-below-header-display":"","ast-hfb-mobile-header-display":"","site-post-title":"","ast-breadcrumbs-content":"","ast-featured-img":"","footer-sml-layout":"","ast-disable-related-posts":"","theme-transparent-header-meta":"default","adv-header-id-meta":"","stick-header-meta":"default","header-above-stick-meta":"","header-main-stick-meta":"","header-below-stick-meta":"","astra-migrate-meta-layouts":"set","ast-page-background-enabled":"default","ast-page-background-meta":{"desktop":{"background-color":"var(--ast-global-color-4)","background-image":"","background-repeat":"repeat","background-position":"center center","background-size":"auto","background-attachment":"scroll","background-type":"","background-media":"","overlay-type":"","overlay-color":"","overlay-opacity":"","overlay-gradient":""},"tablet":{"background-color":"","background-image":"","background-repeat":"repeat","background-position":"center center","background-size":"auto","background-attachment":"scroll","background-type":"","background-media":"","overlay-type":"","overlay-color":"","overlay-opacity":"","overlay-gradient":""},"mobile":{"background-color":"","background-image":"","background-repeat":"repeat","background-position":"center center","background-size":"auto","background-attachment":"scroll","background-type":"","background-media":"","overlay-type":"","overlay-color":"","overlay-opacity":"","overlay-gradient":""}},"ast-content-background-meta":{"desktop":{"background-color":"var(--ast-global-color-5)","background-image":"","background-repeat":"repeat","background-position":"center center","background-size":"auto","background-attachment":"scroll","background-type":"","background-media":"","overlay-type":"","overlay-color":"","overlay-opacity":"","overlay-gradient":""},"tablet":{"background-color":"var(--ast-global-color-5)","background-image":"","background-repeat":"repeat","background-position":"center center","background-size":"auto","background-attachment":"scroll","background-type":"","background-media":"","overlay-type":"","overlay-color":"","overlay-opacity":"","overlay-gradient":""},"mobile":{"background-color":"var(--ast-global-color-5)","background-image":"","background-repeat":"repeat","background-position":"center center","background-size":"auto","background-attachment":"scroll","background-type":"","background-media":"","overlay-type":"","overlay-color":"","overlay-opacity":"","overlay-gradient":""}}},"product_brand":[],"product_cat":[35],"product_tag":[],"class_list":{"0":"post-2396","1":"product","2":"type-product","3":"status-publish","4":"has-post-thumbnail","6":"product_cat-chanclas","7":"pa_color-beige","8":"pa_color-rosado","9":"pa_color-verde-menta","10":"pa_talla-36-37","11":"pa_talla-38-39","12":"pa_talla-40-41","13":"desktop-align-left","14":"tablet-align-left","15":"mobile-align-left","16":"ast-product-gallery-layout-horizontal-slider","17":"ast-product-single-variable","18":"ast-product-tabs-layout-horizontal","20":"first","21":"instock","22":"sale","23":"featured","24":"shipping-taxable","25":"purchasable","26":"product-type-variable"},"jetpack_sharing_enabled":true,"_links":{"self":[{"href":"https:\/\/tutiendameraki.com\/index.php\/wp-json\/wp\/v2\/product\/2396","targetHints":{"allow":["GET"]}}],"collection":[{"href":"https:\/\/tutiendameraki.com\/index.php\/wp-json\/wp\/v2\/product"}],"about":[{"href":"https:\/\/tutiendameraki.com\/index.php\/wp-json\/wp\/v2\/types\/product"}],"version-history":[{"count":18,"href":"https:\/\/tutiendameraki.com\/index.php\/wp-json\/wp\/v2\/product\/2396\/revisions"}],"predecessor-version":[{"id":3452,"href":"https:\/\/tutiendameraki.com\/index.php\/wp-json\/wp\/v2\/product\/2396\/revisions\/3452"}],"wp:featuredmedia":[{"embeddable":true,"href":"https:\/\/tutiendameraki.com\/index.php\/wp-json\/wp\/v2\/media\/2421"}],"wp:attachment":[{"href":"https:\/\/tutiendameraki.com\/index.php\/wp-json\/wp\/v2\/media?parent=2396"}],"wp:term":[{"taxonomy":"product_brand","embeddable":true,"href":"https:\/\/tutiendameraki.com\/index.php\/wp-json\/wp\/v2\/product_brand?post=2396"},{"taxonomy":"product_cat","embeddable":true,"href":"https:\/\/tutiendameraki.com\/index.php\/wp-json\/wp\/v2\/product_cat?post=2396"},{"taxonomy":"product_tag","embeddable":true,"href":"https:\/\/tutiendameraki.com\/index.php\/wp-json\/wp\/v2\/product_tag?post=2396"}],"curies":[{"name":"wp","href":"https:\/\/api.w.org\/{rel}","templated":true}]}}