{"id":151,"date":"2023-09-22T18:00:18","date_gmt":"2023-09-22T23:00:18","guid":{"rendered":"https:\/\/tutiendameraki.com\/?page_id=151"},"modified":"2023-10-29T21:15:41","modified_gmt":"2023-10-30T02:15:41","slug":"terminos-y-condiciones-de-uso","status":"publish","type":"page","link":"https:\/\/tutiendameraki.com\/index.php\/terminos-y-condiciones-de-uso\/","title":{"rendered":"T\u00e9rminos y Condiciones de Uso"},"content":{"rendered":"\t\t<div data-elementor-type=\"wp-page\" data-elementor-id=\"151\" class=\"elementor elementor-151\" data-elementor-post-type=\"page\">\n\t\t\t\t<div class=\"elementor-element elementor-element-79be01b e-flex e-con-boxed e-con e-parent\" data-id=\"79be01b\" data-element_type=\"container\">\n\t\t\t\t\t<div class=\"e-con-inner\">\n\t\t\t\t<div class=\"elementor-element elementor-element-23586af elementor-widget elementor-widget-text-editor\" data-id=\"23586af\" data-element_type=\"widget\" data-widget_type=\"text-editor.default\">\n\t\t\t\t<div class=\"elementor-widget-container\">\n\t\t\t\t\t\t\t\t\t<h2 style=\"font-style: normal;\">T\u00e9rminos y condiciones de uso<\/h2><p style=\"font-size: 16px; font-style: normal; font-weight: 400;\"><span style=\"font-weight: 700;\">\u00daltima actualizaci\u00f3n: 2023<\/span><\/p><p style=\"font-size: 16px; font-style: normal; font-weight: 400;\"><span style=\"font-weight: 700;\">Por favor, lea estos t\u00e9rminos y condiciones de uso con atenci\u00f3n antes de utilizar nuestro sitio web&nbsp;<a href=\"https:\/\/tutiendameraki.com\/\">www.tutiendameraki.com<\/a>&nbsp;(en adelante, \u00abel Sitio\u00bb) y los servicios relacionados. Estos T\u00e9rminos rigen su acceso y uso del Sitio. Al utilizar el Sitio, usted acepta estar sujeto a estos T\u00e9rminos. Si no est\u00e1 de acuerdo con estos T\u00e9rminos, no utilice el Sitio.<\/span><\/p><h2 style=\"font-style: normal;\">1. Uso del sitio<\/h2><h2 style=\"font-style: normal;\">1.1. Edad m\u00ednima<\/h2><p style=\"font-size: 16px; font-style: normal; font-weight: 400;\"><span style=\"font-weight: 700;\">Debe tener al menos 18 a\u00f1os para utilizar el Sitio y realizar compras. Al utilizar el Sitio, declara y garantiza que tiene la edad m\u00ednima requerida.<\/span><\/p><h2 style=\"font-style: normal;\">1.2. Registro de cuenta<\/h2><p style=\"font-size: 16px; font-style: normal; font-weight: 400;\"><span style=\"font-weight: 700;\">Puede ser necesario registrarse para acceder a ciertas \u00e1reas del Sitio. Al registrarse, se compromete a proporcionar informaci\u00f3n precisa y completa. Usted es responsable de mantener la confidencialidad de su cuenta y contrase\u00f1a y acepta todas las responsabilidades por las actividades que ocurran bajo su cuenta.<\/span><\/p><h2 style=\"font-style: normal;\">1.3. Uso aceptable<\/h2><p style=\"font-size: 16px; font-style: normal; font-weight: 400;\"><span style=\"font-weight: 700;\">Usted acepta utilizar el Sitio de acuerdo con todas las leyes y regulaciones aplicables y estos T\u00e9rminos. No debe utilizar el Sitio de manera que pueda da\u00f1ar, deshabilitar, sobrecargar o perjudicar el funcionamiento del Sitio o interferir con el uso de otras personas del Sitio.<\/span><\/p><h2 style=\"font-style: normal;\">2. Compras y pagos<\/h2><h2 style=\"font-style: normal;\">2.1. Precios y pagos<\/h2><p style=\"font-size: 16px; font-style: normal; font-weight: 400;\"><span style=\"font-weight: 700;\">Todos los precios en el Sitio est\u00e1n en COP y son finales, a menos que se indique lo contrario. Aceptamos los m\u00e9todos de pago especificados en el Sitio. Usted acepta pagar todos los cargos aplicables relacionados con su compra.<\/span><\/p><h2 style=\"font-style: normal;\">2.2. Pol\u00edtica de cambios<\/h2><p style=\"font-size: 16px; font-style: normal; font-weight: 400;\"><span style=\"font-weight: 700;\">Consulte nuestra Pol\u00edtica de Devoluciones y Reembolsos&nbsp;<a href=\"https:\/\/tutiendameraki.com\/index.php\/politica-de-cambios\/\">www.tutiendameraki.com\/index.php\/politica-de-cambios<\/a>&nbsp;para obtener informaci\u00f3n sobre nuestras pol\u00edticas de devoluci\u00f3n y reembolso.<\/span><\/p><h2 style=\"font-style: normal;\">3. Propiedad intelectual<\/h2><h2 style=\"font-style: normal;\">3.1. Derechos de propiedad<\/h2><p style=\"font-size: 16px; font-style: normal; font-weight: 400;\"><span style=\"font-weight: 700;\">Todo el contenido y los materiales disponibles en el Sitio, incluidos, entre otros, textos, gr\u00e1ficos, logotipos, im\u00e1genes, videos, software y dise\u00f1os, est\u00e1n protegidos por derechos de autor, marcas comerciales y otras leyes de propiedad intelectual. No puede reproducir, distribuir, modificar, crear trabajos derivados, mostrar p\u00fablicamente ni utilizar de ninguna otra manera estos materiales sin nuestro permiso por escrito.<\/span><\/p><h2 style=\"font-style: normal;\">4. Privacidad<\/h2><p style=\"font-size: 16px; font-style: normal; font-weight: 400;\"><span style=\"font-weight: 700;\">Su uso del Sitio est\u00e1 sujeto a nuestra Pol\u00edtica de Privacidad:<\/span><\/p><p style=\"font-size: 16px; font-style: normal; font-weight: 400;\"><span style=\"font-weight: 700;\"><a href=\"https:\/\/tutiendameraki.com\/index.php\/politica-de-privacidad\/\">www.tutiendameraki.com\/index.php\/politica-de-privacidad<\/a><\/span><\/p><p style=\"font-size: 16px; font-style: normal; font-weight: 400;\"><span style=\"font-weight: 700;\">Que describe c\u00f3mo recopilamos, utilizamos y protegemos su informaci\u00f3n personal. Al utilizar el Sitio, usted acepta nuestra Pol\u00edtica de Privacidad.<\/span><\/p><h2 style=\"font-style: normal;\">5. Modificaciones<\/h2><p style=\"font-size: 16px; font-style: normal; font-weight: 400;\"><span style=\"font-weight: 700;\">Nos reservamos el derecho de modificar estos T\u00e9rminos en cualquier momento. Cualquier cambio significativo se comunicar\u00e1 en el Sitio o por otros medios adecuados antes de que el cambio entre en vigor. Su uso continuado del Sitio despu\u00e9s de cualquier modificaci\u00f3n constituye su aceptaci\u00f3n de los T\u00e9rminos modificados.<\/span><\/p><h2 style=\"font-style: normal;\">6. Contacto<\/h2><p style=\"font-size: 16px; font-style: normal; font-weight: 400;\"><span style=\"font-weight: 700;\">Si tiene alguna pregunta o inquietud sobre estos T\u00e9rminos, comun\u00edquese con nosotros en:<\/span><\/p><p style=\"font-size: 16px; font-style: normal; font-weight: 400;\"><span style=\"font-weight: 700;\">Tu Tienda Meraki<\/span><\/p><p style=\"font-size: 16px; font-style: normal; font-weight: 400;\"><span style=\"font-weight: 700;\">3203880422<\/span><\/p><p style=\"font-size: 16px; font-style: normal; font-weight: 400;\"><span style=\"font-weight: 700;\">info@tutiendameraki.com<\/span><\/p><p style=\"font-size: 16px; font-style: normal; font-weight: 400;\"><span style=\"font-weight: 700;\"><span style=\"color: var( --e-global-color-text ); text-align: var(--text-align); background-color: var(--ast-global-color-5);\">Fecha de vigencia: 2023<\/span><\/span><\/p><p style=\"font-size: 16px; font-style: normal; font-weight: 400;\"><span style=\"font-weight: 700;\">Gracias por utilizar&nbsp;<a href=\"https:\/\/tutiendameraki.com\/\">www.tutiendameraki.com<\/a><\/span><\/p><p style=\"font-size: 16px; font-style: normal; font-weight: 400;\"><span style=\"font-weight: 700;\">Estos T\u00e9rminos y Condiciones de Uso rigen su relaci\u00f3n con nosotros y su uso del Sitio.<\/span><\/p>\t\t\t\t\t\t\t\t<\/div>\n\t\t\t\t<\/div>\n\t\t\t\t\t<\/div>\n\t\t\t\t<\/div>\n\t\t\t\t<\/div>\n\t\t","protected":false},"excerpt":{"rendered":"<p>T\u00e9rminos y condiciones de uso \u00daltima actualizaci\u00f3n: 2023 Por favor, lea estos t\u00e9rminos y condiciones de uso con atenci\u00f3n antes de utilizar nuestro sitio web&nbsp;www.tutiendameraki.com&nbsp;(en adelante, \u00abel Sitio\u00bb) y los servicios relacionados. Estos T\u00e9rminos rigen su acceso y uso del Sitio. Al utilizar el Sitio, usted acepta estar sujeto a estos T\u00e9rminos. Si no est\u00e1 [&hellip;]<\/p>\n","protected":false},"author":1,"featured_media":0,"parent":0,"menu_order":0,"comment_status":"closed","ping_status":"closed","template":"","meta":{"site-sidebar-layout":"no-sidebar","site-content-layout":"","ast-site-content-layout":"full-width-container","site-content-style":"default","site-sidebar-style":"default","ast-global-header-display":"","ast-banner-title-visibility":"","ast-main-header-display":"","ast-hfb-above-header-display":"","ast-hfb-below-header-display":"","ast-hfb-mobile-header-display":"","site-post-title":"disabled","ast-breadcrumbs-content":"","ast-featured-img":"disabled","footer-sml-layout":"","ast-disable-related-posts":"","theme-transparent-header-meta":"","adv-header-id-meta":"","stick-header-meta":"","header-above-stick-meta":"","header-main-stick-meta":"","header-below-stick-meta":"","astra-migrate-meta-layouts":"","ast-page-background-enabled":"default","ast-page-background-meta":{"desktop":{"background-color":"var(--ast-global-color-4)","background-image":"","background-repeat":"repeat","background-position":"center center","background-size":"auto","background-attachment":"scroll","background-type":"","background-media":"","overlay-type":"","overlay-color":"","overlay-opacity":"","overlay-gradient":""},"tablet":{"background-color":"","background-image":"","background-repeat":"repeat","background-position":"center center","background-size":"auto","background-attachment":"scroll","background-type":"","background-media":"","overlay-type":"","overlay-color":"","overlay-opacity":"","overlay-gradient":""},"mobile":{"background-color":"","background-image":"","background-repeat":"repeat","background-position":"center center","background-size":"auto","background-attachment":"scroll","background-type":"","background-media":"","overlay-type":"","overlay-color":"","overlay-opacity":"","overlay-gradient":""}},"ast-content-background-meta":{"desktop":{"background-color":"var(--ast-global-color-5)","background-image":"","background-repeat":"repeat","background-position":"center center","background-size":"auto","background-attachment":"scroll","background-type":"","background-media":"","overlay-type":"","overlay-color":"","overlay-opacity":"","overlay-gradient":""},"tablet":{"background-color":"var(--ast-global-color-5)","background-image":"","background-repeat":"repeat","background-position":"center center","background-size":"auto","background-attachment":"scroll","background-type":"","background-media":"","overlay-type":"","overlay-color":"","overlay-opacity":"","overlay-gradient":""},"mobile":{"background-color":"var(--ast-global-color-5)","background-image":"","background-repeat":"repeat","background-position":"center center","background-size":"auto","background-attachment":"scroll","background-type":"","background-media":"","overlay-type":"","overlay-color":"","overlay-opacity":"","overlay-gradient":""}},"footnotes":""},"class_list":["post-151","page","type-page","status-publish","hentry"],"jetpack_sharing_enabled":true,"_links":{"self":[{"href":"https:\/\/tutiendameraki.com\/index.php\/wp-json\/wp\/v2\/pages\/151","targetHints":{"allow":["GET"]}}],"collection":[{"href":"https:\/\/tutiendameraki.com\/index.php\/wp-json\/wp\/v2\/pages"}],"about":[{"href":"https:\/\/tutiendameraki.com\/index.php\/wp-json\/wp\/v2\/types\/page"}],"author":[{"embeddable":true,"href":"https:\/\/tutiendameraki.com\/index.php\/wp-json\/wp\/v2\/users\/1"}],"replies":[{"embeddable":true,"href":"https:\/\/tutiendameraki.com\/index.php\/wp-json\/wp\/v2\/comments?post=151"}],"version-history":[{"count":76,"href":"https:\/\/tutiendameraki.com\/index.php\/wp-json\/wp\/v2\/pages\/151\/revisions"}],"predecessor-version":[{"id":2155,"href":"https:\/\/tutiendameraki.com\/index.php\/wp-json\/wp\/v2\/pages\/151\/revisions\/2155"}],"wp:attachment":[{"href":"https:\/\/tutiendameraki.com\/index.php\/wp-json\/wp\/v2\/media?parent=151"}],"curies":[{"name":"wp","href":"https:\/\/api.w.org\/{rel}","templated":true}]}}